0
Calculate the remainder when (-1925500)/(-625) - (54/(-15))/(-2) is divided by 67.
64
Let n(d) = -35*d**3 + d**2. Let q = 681713 + -681603. What is the remainder when q is divided by n(-1)?
2
Suppose -14 = 7*a - 14*a. Suppose -3*b - 42 = 3*z - 183, -86 = -2*b + 2*z. What is the remainder when b is divided by 25/a + ((-90)/12)/15?
9
Let c(d) = d**3 + 9*d**2 + 15*d + 4. Let g be c(-6). Let r = g - -55. Suppose -5*j = b - 21 - 47, -2*j = b - r. What is the remainder when b is divided by 28?
27
Suppose 4*d - 290 = 2*i, -3*d - 2*i - i = -240. Calculate the remainder when d is divided by 24*1 + 71/((-213)/(-18)).
15
Let m(a) = -a**3 - 2*a**2 - a. Let h(i) = -i**2 + 26*i + 9. Let q be h(22). Let u = q + -85. Calculate the remainder when u is divided by m(-2).
0
Let i = -10100 + 10239. Calculate the remainder when i is divided by 13.
9
Let x(s) = s**2 - 9. Let p(h) = h**3 - 12*h**2 - h + 8. Let q be p(12). Let y be x(q). Suppose -o + 9 + y = 0. What is the remainder when 108 is divided by o?
12
Let n = -2399 + 2462. What is the remainder when n is divided by 52?
11
Suppose -2*n = 3*c - 306, 6 = -11*n + 13*n. Calculate the remainder when 3497 is divided by c.
97
Suppose -3*h + 942 = -4*x, 2*h = 6*x - 4*x + 628. Calculate the remainder when 1576 is divided by h.
6
Let k = -5655 - -6283. What is the remainder when k is divided by 34?
16
Let k = -71 - -377. Suppose 693 = -295*t + k*t. What is the remainder when 107 is divided by t?
44
Suppose -10*y + 2203 = 1223. Calculate the remainder when 260 is divided by y.
64
Suppose -8*g = -7*g - 20. Let k(o) = o**3 - 22*o**2 + 42*o + 67. What is the remainder when k(g) is divided by 18?
17
Let c(g) = 4*g**2 - 4*g - 16. Let w be c(4). Calculate the remainder when ((-3)/3 - -49)*1 is divided by w - 10 - 10/2.
14
Let w = 972 - 970. What is the remainder when 7/14*(0 - w)*-545 is divided by 50?
45
Suppose 4*n - 5*o = -6*o + 255, -o = 5*n - 319. Let z(c) = -31*c + 1. Let i be z(2). Let t = i + n. Calculate the remainder when 9 is divided by t.
0
What is the remainder when (18/(-5))/(15 - 903/60) is divided by 64?
8
Let g(n) = 24*n**2 - n. Let w be (-20)/(-60)*(4 - 1). Calculate the remainder when 133 is divided by g(w).
18
Suppose -4*j + 3*f + 21 = -66, -4*j + 79 = 5*f. What is the remainder when 7663 is divided by j?
19
Let y(s) = s**3 - 4*s**2 + s - 3. Let g be y(4). Let d be -4 + g + -4 + 3. What is the remainder when 123 is divided by 14/(14/3 + d)?
18
Let y(n) = 2*n**2 - 14*n + 3. Let b be y(6). Calculate the remainder when 192 is divided by (-5 + 10/15)*b.
36
Suppose 0 = -14*x + 3058 + 4866. Suppose 0 = -3*s + 4*y + 895, s + 5*y - x = -s. What is the remainder when s is divided by 59?
57
Suppose 0 = -3*k - 122 + 119. Let g(c) = -62*c - 52. Calculate the remainder when 1048 is divided by g(k).
8
What is the remainder when 346 is divided by (230/(-184))/(102/(-440) - (-8)/44)?
21
Let w be 360 - 1/(-6)*0. Calculate the remainder when 62 is divided by w/27*24/10.
30
Suppose -z - 52 = -3*d, -28 = -4*d - z + 53. Let u be (4 - d)*2/(-10). Suppose 95 = u*h - 4. Calculate the remainder when 127 is divided by h.
28
Let d(p) = p**3 + p**2 - p + 115. Calculate the remainder when d(0) is divided by (-237 - -262) + 3 + -19.
7
Let i(b) = -9*b - 273. Let w(j) = -13*j - 410. Let o(n) = 7*i(n) - 5*w(n). Calculate the remainder when o(0) is divided by 13.
9
Let q be 8 + 0 - (-507 - 17). Let x = -414 + q. What is the remainder when x is divided by 17?
16
Suppose -3*v - f = -106, 0 = 2*v + 32*f - 41*f - 32. What is the remainder when 952 is divided by v?
0
Let a(r) = 6 + 2*r**2 + 0 + 0*r**3 - 6*r**3 + 6*r. Suppose -23 - 72 = 27*x - 14. Calculate the remainder when a(x) is divided by 43.
39
Suppose -21*h + 113 = 172*h - 80. Let y be (-9)/(3/(-1))*-5. Let b = -13 - y. Calculate the remainder when b is divided by h.
0
Let a = -2843 - -3094. What is the remainder when 475 is divided by a?
224
Suppose 9*y - 125044 = 40754. Calculate the remainder when y is divided by 94.
92
Suppose -117 = -7*j + 3*i + 111, -72 = -3*j - 3*i. Calculate the remainder when j is divided by (-158)/(-14) - (-2)/(-7).
8
Let h = -8852 - -8874. Let p(c) = -3*c - 1. Calculate the remainder when h is divided by p(-3).
6
Let d = 1 + -2. Let z be (5 + -84 + 3)/(d - 0). Let b = z - -15. What is the remainder when b is divided by 23?
22
Suppose 244389 = 98*y - 13057. Calculate the remainder when y is divided by 164.
3
Suppose 0 = -p - 4, -2*r - 207*p = -204*p - 15426. What is the remainder when r is divided by 18?
15
Suppose 0 = 5*d + 1 - 11. Suppose -d*p - 35 = -9*p. Suppose -3*g - 2*c = g - 62, 4*c - 82 = -5*g. Calculate the remainder when g is divided by p.
4
Let d = -15804 - -16147. Calculate the remainder when d is divided by 131.
81
Let f(a) = -a**2 - 11*a - 17. Let c be f(-8). Suppose -c*b = -0*b + 112. Calculate the remainder when 34 is divided by 84/b*8/(-6).
6
Let k = 11287 - 11266. What is the remainder when (-2)/(-4)*328*1 is divided by k?
17
Suppose 5*f + 5*g = 705, 1 + 11 = 3*g. What is the remainder when 407 is divided by f?
133
Let i = -34 + 36. Suppose -2 = i*f - 3*w, -2*f - 31 = -5*f - 4*w. Suppose -4*y = -f*t - 29, 2*t + 8 = y + t. What is the remainder when 39 is divided by y?
6
Let n = 12732 - 12592. Calculate the remainder when n is divided by 48.
44
Suppose -1656 - 144 = -8*v. What is the remainder when v is divided by 10?
5
What is the remainder when (-522)/(-18) - (-4 + -1) is divided by ((-18)/(-4) - (0 - 2))*2?
8
Let d be ((-32)/20)/(6/(-45)) + 2. Let y(r) = -r**2 + 19*r + 10. What is the remainder when y(d) is divided by 27?
26
Let q(i) = -2*i**2 - 27*i + 4. Let g be q(-14). Let s(j) = j + 38. Let a be s(g). Let u = -7 + a. Calculate the remainder when 82 is divided by u.
19
Suppose -5*x + 12*x - 70 = 0. Let v = 81 - x. Calculate the remainder when v is divided by 21.
8
Let b(o) = o**3 + 6*o**2 - 22*o - 25. Suppose -5*p = -3*d - d - 39, -5*d = 2*p + 57. Let g = 5 - d. What is the remainder when b(-8) is divided by g?
7
Let r be 3*(-8)/42*(-7)/2. Let s be 2 - 5 - (r - 1). Calculate the remainder when 12 is divided by (-2)/2 - (-4 + s + 0).
5
What is the remainder when 3/(-2)*14448/(-252) is divided by 18?
14
Suppose 16*b = 2*k + 18*b - 2690, 2*b = 3*k - 4015. Calculate the remainder when k is divided by 21.
18
Let v(m) = m**3 - 8*m**2 - 6*m - 5. Let s be (70 + 3)/(-4 - 39/(-9)). Suppose 67 = -d + s. Calculate the remainder when d is divided by v(9).
20
Suppose -24 = -3*b + 18. Let c(n) = 62*n - 16. Let y be c(-2). Calculate the remainder when (-5404)/y - 2/(-5) is divided by b.
11
Let a(q) = 4*q - 4. Let n be a(4). Suppose -4*m = -n - 24. What is the remainder when (24/28)/(3/147) is divided by m?
6
Let m(c) = 2*c + 46. Let f(q) = -2*q - 45. Let p(k) = -3*f(k) - 4*m(k). Calculate the remainder when 65 is divided by p(-28).
2
Let v(g) = g**2 + 1. Calculate the remainder when (-1)/((-2)/(-4)) - 1408/(-73 + 57) is divided by v(-3).
6
Let m(g) = -g**3 + 10*g**2 - 60*g + 282. Calculate the remainder when 328 is divided by m(6).
64
Let p be 6 - (-2 + -3 + 11). Suppose p = -11*f + 27*f - 560. Calculate the remainder when 100 is divided by f.
30
Let h(j) = -6*j**2 - 568*j - 1065. What is the remainder when 834 is divided by h(-92)?
20
Suppose -3*v = 3*v - 150. What is the remainder when ((-17)/2 - -8)*-58 is divided by v?
4
Suppose 236*z + 1624 = 142*z + 123*z. What is the remainder when 465 is divided by z?
17
Suppose 15*x = 20*x. Suppose x = 82*p - 81*p - 4. Calculate the remainder when 9 is divided by p.
1
Let x be (31 - 25)*1/3. What is the remainder when (-1)/(393/197 - x) is divided by 18?
17
Let b(o) = 2*o**3 + 10*o**2 - 10*o + 4. Suppose -9*h = -7*h - 8. Calculate the remainder when b(h) is divided by 64.
60
Let c = 84 - 60. What is the remainder when (2/10*-71)/(5/(-25)) is divided by c?
23
Suppose -14 = -2*v + 4*q, -2*v + 28 = 2*v - q. What is the remainder when ((-84)/(-18))/v*78 is divided by 11?
8
Let d(o) = 181*o - 1554. What is the remainder when d(11) is divided by 22?
19
Let h(k) = 6*k**2 + 24*k - 50. Suppose 27 = 5*s - 33. Calculate the remainder when h(-6) is divided by s.
10
What is the remainder when 29 is divided by (11/5)/(79/395)*1?
7
Let a(c) = 37*c + 1119. What is the remainder when 1090 is divided by a(-30)?
1
Let o(y)